9749?
1
What is the units digit of 533618?
8
What is the hundred thousands digit of 2085386?
0
What is the units digit of 278025?
5
What is the tens digit of 2594473?
7
What is the units digit of 45657?
7
What is the ten millions digit of 10294725?
1
What is the tens digit of 3211861?
6
What is the hundreds digit of 469624?
6
What is the units digit of 365814?
4
What is the thousands digit of 186715?
6
What is the hundred thousands digit of 5713558?
7
What is the hundred thousands digit of 2519175?
5
What is the hundred thousands digit of 945928?
9
What is the units digit of 1433802?
2
What is the units digit of 11279?
9
What is the ten thousands digit of 420711?
2
What is the hundreds digit of 282924?
9
What is the units digit of 229653?
3
What is the thousands digit of 196414?
6
What is the ten thousands digit of 3035024?
3
What is the thousands digit of 4597378?
7
What is the hundreds digit of 829979?
9
What is the millions digit of 1515389?
1
What is the ten thousands digit of 19814250?
1
What is the units digit of 399285?
5
What is the tens digit of 3558999?
9
What is the millions digit of 4397934?
4
What is the hundred thousands digit of 632466?
6
What is the ten thousands digit of 3140170?
4
What is the tens digit of 120663?
6
What is the thousands digit of 744588?
4
What is the tens digit of 125913?
1
What is the hundreds digit of 87439?
4
What is the thousands digit of 911594?
1
What is the ten thousands digit of 10591205?
9
What is the tens digit of 214986?
8
What is the thousands digit of 12178515?
8
What is the ten thousands digit of 24413?
2
What is the tens digit of 321911?
1
What is the tens digit of 268575?
7
What is the hundred thousands digit of 305196?
3
What is the hundreds digit of 314563?
5
What is the ten thousands digit of 1129097?
2
What is the hundreds digit of 1992038?
0
What is the units digit of 541610?
0
What is the thousands digit of 85138?
5
What is the units digit of 1199303?
3
What is the units digit of 131670?
0
What is the units digit of 2654?
4
What is the tens digit of 212801?
0
What is the hundreds digit of 6006232?
2
What is the ten thousands digit of 1416056?
1
What is the ten thousands digit of 2592576?
9
What is the ten thousands digit of 20117754?
1
What is the hundred thousands digit of 10210403?
2
What is the ten millions digit of 18197079?
1
What is the tens digit of 1577033?
3
What is the units digit of 27476?
6
What is the units digit of 1652194?
4
What is the thousands digit of 899070?
9
What is the ten thousands digit of 1581316?
8
What is the units digit of 14444?
4
What is the units digit of 1440128?
8
What is the hundreds digit of 4644686?
6
What is the thousands digit of 29427?
9
What is the units digit of 498080?
0
What is the units digit of 9619869?
9
What is the millions digit of 10475427?
0
What is the ten thousands digit of 256150?
5
What is the units digit of 3195519?
9
What is the hundred thousands digit of 2102056?
1
What is the thousands digit of 993417?
3
What is the hundreds digit of 1132697?
6
What is the ten thousands digit of 162786?
6
What is the tens digit of 243096?
9
What is the units digit of 13901637?
7
What is the hundred thousands digit of 3123304?
1
What is the units digit of 23029574?
4
What is the units digit of 3441153?
3
What is the units digit of 909681?
1
What is the hundreds digit of 12867989?
9
What is the hundred thousands digit of 8374481?
3
What is the thousands digit of 1217264?
7
What is the tens digit of 4550881?
8
What is the units digit of 8999209?
9
What is the thousands digit of 60123?
0
What is the ten millions digit of 17935450?
1
What is the tens digit of 138737?
3
What is the millions digit of 24962596?
4
What is the thousands digit of 2825858?
5
What is the millions digit of 2202335?
2
What is the tens digit of 248262?
6
What is the hundred thousands digit of 927113?
9
What is the thousands digit of 25352135?
2
What is the hundred thousands digit of 144725?
1
What is the thousands digit of 797637?
7
What is the units digit of 108927?
7
What is the thousands digit of 2259779?
9
What is the thousands digit of 14425771?
5
What is the hundred thousands digit of 4525130?
5
What is the tens digit of 29396699?
9
What is the tens digit of 970781?
8
What is the hundreds digit of 8503029?
0
What is the tens digit of 2071041?
4
What is the hundreds digit of 4616045?
0
What is the millions digit of 2195849?
2
What is the ten thousands digit of 3132459?
3
What is the hundreds digit of 409397?
3
What is the units digit of 1676184?
4
What is the hundreds digit of 35274184?
1
What is the tens digit of 2684548?
4
What is the ten thousands digit of 9894737?
9
What is the units digit of 628443?
3
What is the thousands digit of 4350795?
0
What is the units digit of 7664832?
2
What is the tens digit of 560885?
8
What is the hundreds digit of 2523869?
8
What is the units digit of 2662124?
4
What is the thousands digit of 562725?
2
What is the hundred thousands digit of 17896694?
8
What is the tens digit of 3803229?
2
What is the millions digit of 12088276?
2
What is the hundred thousands digit of 11844704?
8
What is the tens digit of 60038?
3
What is the millions digit of 11502534?
1
What is the hundred thousands digit of 249553?
2
What is the hundred thousands digit of 782339?
7
What is the tens digit of 816508?
0
What is the units digit of 170713?
3
What is the units digit of 175235?
5
What is the hundred thousands digit of 2090740?
0
What is the hundred thousands digit of 38715539?
7
What is the hundreds digit of 545587?
5
What is the units digit of 90038?
8
What is the millions digit of 2334228?
2
What is the units digit of 210651?
1
What is the ten thousands digit of 490142?
9
What is the hundreds digit of 17712523?
5
What is the thousands digit of 19268024?
8
What is the thousands digit of 1523491?
3
What is the tens digit of 214526?
2
What is the thousands digit of 485058?
5
What is the ten thousands digit of 8066145?
6
What is the millions digit of 1137428?
1
What is the units digit of 1058071?
1
What is the hundred thousands digit of 434153?
4
What is the units digit of 40219534?
4
What is the hundreds digit of 3396006?
0
What is the hundreds digit of 2038345?
3
What is the millions digit of 3063253?
3
What is the hundreds digit of 1606178?
1
What is the hundreds digit of 503775?
7
What is the hundred thousands digit of 41557517?
5
What is the tens digit of 698383?
8
What is the millions digit of 15665852?
5
What is the hundred thousands digit of 850223?
8
What is the hundred thousands digit of 17325148?
3
What is the ten thousands digit of 792638?
9
What is the tens digit of 54840?
4
What is the ten thousands digit of 5235538?
3
What is the ten thousands digit of 1267772?
6
What is the units digit of 206357?
7
What is the thousands digit of 246232?
6
What is the tens digit of 3048?
4
What is the tens digit of 6492269?
6
What is the hundreds digit of 2323496?
4
What is the units digit of 6576516?
6
What is the thousands digit of 746387?
6
What is the units digit of 106793?
3
What is the ten thousands digit of 312973?
1
What is the millions digit of 4242093?
4
What is the hundreds digit of 138260?
2
What is the thousands digit of 17147?
7
What is the ten thousands digit of 340115?
4
What is the units digit of 147347?
7
What is the millions digit of 11037736?
1
What is the hundreds digit of 1994850?
8
What is the tens digit of 14208079?
7
What is the thousands digit of 42958627?
8
What is the units digit of 3630633?
3
What is the tens digit of 202501?
0
What is the thousands digit of 10877156?
7
What is the hundreds digit of 4836965?
9
What is the hundreds digit of 909483?
4
What is the hundred thousands digit of 15236895?
2
What is the thousands digit of 336626?
6
What is the ten thousands digit of 2433943?
3
What is the hundreds digit of 7535937?
9
What is the hundreds digit of 93218?
2
What is the hundred thousands digit of 566018?
5
What is the units digit of 344452?
2
What is the tens digit of 144789?
8
What is the units digit of 457750?
0
What is the tens digit of 3969810?
1
What is the tens digit of 3187462?
6
What is the units digit of 16497968?
8
What is the hundred thousands digit of 414460?
4
What is the units digit of 124464?
4
What is the te